{"id":2,"date":"2022-12-19T10:58:37","date_gmt":"2022-12-19T09:58:37","guid":{"rendered":"http:\/\/ditconseil.fr\/?page_id=2"},"modified":"2022-12-19T15:39:11","modified_gmt":"2022-12-19T14:39:11","slug":"page-d-exemple","status":"publish","type":"page","link":"https:\/\/ditconseil.fr\/index.php\/page-d-exemple\/","title":{"rendered":"Offrez-vous un Directeur Informatique"},"content":{"rendered":"\n<h1 class=\"wp-block-heading\">Concentrez-vous sur votre business<\/h1>\n\n\n\n<blockquote class=\"wp-block-quote is-layout-flow wp-block-quote-is-layout-flow\">\n<p>D\u00e9l\u00e9guer la gestion de vos ressources informatiques et t\u00e9l\u00e9com<\/p>\n\n\n\n<p><\/p>\n<\/blockquote>\n\n\n\n<p>DIT Conseil g\u00e8re \u00e0 vos c\u00f4t\u00e9 vos ressources informatiques et t\u00e9l\u00e9com afin d&rsquo;accompagner le d\u00e9veloppement de vos activit\u00e9s.<\/p>\n\n\n\n<blockquote class=\"wp-block-quote is-layout-flow wp-block-quote-is-layout-flow\">\n<p>G\u00e9rer vos fournisseurs IT<\/p>\n<\/blockquote>\n\n\n\n<div class=\"wp-block-group is-layout-constrained wp-block-group-is-layout-constrained\">\n<div class=\"wp-block-group is-layout-constrained wp-block-group-is-layout-constrained\">\n<p>DIT Conseil vous conseille dans le choix de vos partenaires, g\u00e8re la relation fournisseur et s&rsquo;assure de la qualit\u00e9 de service.<\/p>\n\n\n\n<p>Vous maitrisez enfin vos fournisseurs<\/p>\n<\/div>\n<\/div>\n\n\n\n<blockquote class=\"wp-block-quote is-layout-flow wp-block-quote-is-layout-flow\">\n<p>P\u00e9rennisez vos investissements<\/p>\n<\/blockquote>\n\n\n\n<p>Partagez avec DIT Conseil votre vision de votre entreprise, DIT Conseil mettra en place une strat\u00e9gie afin d&rsquo;optimiser vos investissements IT et vous accompagner dans votre d\u00e9veloppement<\/p>\n","protected":false},"excerpt":{"rendered":"<p>Concentrez-vous sur votre business D\u00e9l\u00e9guer la gestion de vos ressources informatiques et t\u00e9l\u00e9com DIT Conseil [&hellip;]<\/p>\n","protected":false},"author":1,"featured_media":17,"parent":0,"menu_order":0,"comment_status":"closed","ping_status":"open","template":"","meta":{"footnotes":""},"class_list":["post-2","page","type-page","status-publish","has-post-thumbnail","hentry"],"_links":{"self":[{"href":"https:\/\/ditconseil.fr\/index.php\/wp-json\/wp\/v2\/pages\/2","targetHints":{"allow":["GET"]}}],"collection":[{"href":"https:\/\/ditconseil.fr\/index.php\/wp-json\/wp\/v2\/pages"}],"about":[{"href":"https:\/\/ditconseil.fr\/index.php\/wp-json\/wp\/v2\/types\/page"}],"author":[{"embeddable":true,"href":"https:\/\/ditconseil.fr\/index.php\/wp-json\/wp\/v2\/users\/1"}],"replies":[{"embeddable":true,"href":"https:\/\/ditconseil.fr\/index.php\/wp-json\/wp\/v2\/comments?post=2"}],"version-history":[{"count":14,"href":"https:\/\/ditconseil.fr\/index.php\/wp-json\/wp\/v2\/pages\/2\/revisions"}],"predecessor-version":[{"id":30,"href":"https:\/\/ditconseil.fr\/index.php\/wp-json\/wp\/v2\/pages\/2\/revisions\/30"}],"wp:featuredmedia":[{"embeddable":true,"href":"https:\/\/ditconseil.fr\/index.php\/wp-json\/wp\/v2\/media\/17"}],"wp:attachment":[{"href":"https:\/\/ditconseil.fr\/index.php\/wp-json\/wp\/v2\/media?parent=2"}],"curies":[{"name":"wp","href":"https:\/\/api.w.org\/{rel}","templated":true}]}}